 7)) - (10 - 1).
-6
Calculate -20 + -147 + -64 + 166.
-65
What is the value of 18 + (9 - (-21 - 2)) + -4?
46
What is the value of -26 - (-11 + -40) - 32 - -81?
74
(-23 - -43 - 149) + 60
-69
What is 54 + (0 - -1) + -12 + 1?
44
What is the value of 3 - (-7 + 15) - (-71 + -14 + -2)?
82
Calculate -56 + -2 + (-5 + 0 - (-22 + -10 - -27)).
-58
What is -71 + -2 - (-5 + 4) - (-22 + 11)?
-61
Evaluate 6 + -18 + 89 + (-13 - -23) + -18.
69
-42 - -41 - (13 + 15 + -65)
36
2387 + -2324 + -3 + 2 + 3 + 5
70
What is -47 + (-22 - -6) + 56?
-7
Calculate 17 + (7 + -9 - 0) + (-12 - 62).
-59
Calculate (-39 - -78) + -64 - -2 - (-8 - -2).
-17
Calculate -10 + -34 + (-54 - -96) + (71 - -2).
71
Evaluate -158 + 82 + 77 + (26 - (-4 - -1)).
30
Evaluate 95 - ((-1 - -19 - (-202 - -217)) + (-1 - -10)).
83
Calculate -1 + -33 + (1312 - 1276) + 58.
60
Calculate 14 + 18 - (369 - 326).
-11
-5 + -8 + 16 - -4
7
(-2 - -60) + (77 - 165)
-30
What is the value of 68 + -93 + -13 + 79?
41
Evaluate -2 + -60 + 85 + -53 - -23.
-7
45 - (50 - -51 - 23)
-33
What is the value of 100 + -63 + 14 + -87?
-36
Evaluate (11 - -1 - 22) + 10 + (-1 - 58) - 1.
-60
What is -8 - (13 + -8) - (6 + -5 + -4)?
-10
13 + 13 - (-501 + 435)
92
What is the value of 1182 + -1154 - (1 - -55)?
-28
Evaluate (-69 - (12 + -2)) + (23 - 10) + -22.
-88
What is the value of -12 + (9 - (-3 + -99)) - (-70 + 51)?
118
Evaluate -136 - (1 + -6) - (-8 + (20 + 3 - 13)).
-133
Calculate -64 - -84 - (37 - 4 - 8).
-5
What is 6237 + -6248 + (52 - -3) + -2 + 4 + -6?
40
What is the value of 42 - (-4 + 10 - -22) - (-53 + 2)?
65
What is 22 + -33 + 21 - -12?
22
0 + 7 - (35 + (40 - (26 + -17 + 18)))
-41
Evaluate (9 - -6 - (-7 + 0 + 88)) + -1.
-67
What is -10 + 4 + (-140 - -130) + 2 + 1?
-13
Evaluate -25 + (65 - 24) + 29 + -10.
35
What is the value of 3 + (28 - 14) - (9 + -11 - -1)?
18
Calculate (-5 - (7 + (2 - 5))) + -148 + 53.
-104
What is the value of -5 - 7 - (-93 + 97 - (0 + 51))?
35
-9 + (10 + 102 - 7) + 7
103
What is 11 + -2 - (-22 + -1 + 1277 + -1226)?
-19
Calculate -1 + 6 - ((-36 - (25 + -77)) + -68).
57
Evaluate 34 - 3 - (1543 + -1553).
41
Calculate -7 + -5 + 52 - (24 - 6).
22
Evaluate (14 - (3 + (1 - 0))) + 12 + -10 + -61.
-49
What is the value of (-40 - -80) + 4 + (-15 - -8)?
37
Calculate (-245 - (-51 - 23)) + 50.
-121
What is the value of -8 + 59 + -122 + -2?
-73
54 + -6 + -21 - -1 - 38
-10
Evaluate -23 - (1 + -33 + -188 + 183).
14
Calculate 2 - (27 - (78 - 34)).
19
Calculate -21 - ((12 - 46) + -15).
28
What is 38 + (2 - (-2 + (22 - 1))) + (235 - 227)?
29
5 + -1 + (-81 - -47) + 50 + (-8 - -2)
14
Calculate (14 - (22 - 12) - -12 - 3) + 71.
84
What is -1 + -6 + (4 + -16 + 0 + -39 - -14)?
-44
Calculate -7 + 21 + (-1 + 17 - 63).
-33
What is the value of -3 - (-75 + -4) - (-39 - (-4 - 27))?
84
Calculate (-2 - -43) + 114 + -21 + -85.
49
-13 - -105 - (0 - -42)
50
Evaluate (-1526 - -1524) + (-2 - -26).
22
What is -40 + (194 - 139) + 3 + -2 + -1?
15
Calculate 30 + -49 + (11 - 6) - -37.
23
Calculate (-5 - -4 - -2 - -1 - -8) + (-476 - -514).
48
Calculate 13 + (-9 - -11 - 89) - -22.
-52
Calculate -10 + 1 + -4 - (-12 + -14 - -17) - 50.
-54
Calculate 14 + (117 - 58 - 40).
33
Evaluate 20 - (-99 - -14) - 66.
39
Calculate -92 - ((-70 - -120) + -70 + (0 - -7)).
-79
What is the value of (-14 - 0) + 1608 + -1609?
-15
Evaluate 1 + 3 + 1 + -1 + (140 - 62 - 4).
78
What is the value of -79 + ((12 - 50) + 35 - 36)?
-118
Evaluate -17 - (-37 - -70) - -7.
-43
-13 - (-10 + 18 + 8 + -11)
-18
What is -8 - (99 - (-13 - -59))?
-61
Calculate 2 + -35 + 36 + 6 + (-4 - -2 - 48).
-41
Calculate (-30 + -18 - 0) + 65 + -19 + -1.
-3
Calculate -56 + (52 - -23) - (14 + 0).
5
What is 11 - (4 - (-21 + -5)) - 45?
-64
Evaluate -13 + (16 - 9) + 4 + -46.
-48
Calculate 141 - 195 - (1 - 14).
-41
Calculate (-33 - -23) + -2 - (-1 + 18).
-29
(542 - 237) + -199 - (-1 + 6)
101
Evaluate (-45 - -2) + 83 + -20.
20
Evaluate -3 + (0 + 3 + 13 - 2) + (394 - 399).
6
Evaluate (0 - (1 + 7 + 5)) + (-728 - -763).
22
Evaluate 13 + (192 + -191 + (1 - -2) - 7).
10
Evaluate -8 + 9 + -58 + 1 - (-8 + 8 + 5).
-61
What is -18 + (1 - -17) + -17 + 9 + 0?
-8
-5 - (-24 - 3) - (-3217 - -3189)
50
Calculate ((9 - -16) + -6 + 1 - 6 - 9) + -58.
-53
What is the value of 10 + -57 + (9 - (-8 + 8))?
-38
102 + 19 - (3 - -23) - 21
74
Calculate 28 + -4 + -63 + (8 - 4).
-35
Evaluate (3 - -6 - -2) + (-69 - (71 - 31)).
-98
Evaluate -68 + (6 + -8 + -1 - (-10 - (6 + -4))).
-59
(146 - 129) + -11 + 2
8
23 + 1 + -41 + 52 - -19
54
Evaluate -7 + (-5 - -3) + (11 - 31 - -10 - -18).
-1
What is the value of 0 + (-22 - 5 - -60) + (-1 - -8 - 0)?
40
-149 + 136 - (-11 - ((22 - 29) + 2 + 2))
-5
What is -105 + (111 - -83) + -88?
1
What is the value of (13 - 7) + -29 + -32 + 2?
-53
What is the value of -1 + -16 + -11 + 30?
2
What is the value of -16 + -3 - ((7 + -11 - -1) + -12)?
-4
Evaluate (-25 - -5) + 7 + (-24 - -25) + (-108 - 0).
-120
(11 - -14 - 30) + -33
-38
What is the value of (8 - 1) + (-635 - -575) + -5?
-58
Calculate -4 + (-25 - -41) + (-7 + -1 + 3 - -89).
96
What is 9 + (3 - 5) + 4 - (-79 + 109)?
-19
What is the value of -53 + -8 + (-7 - (6 - 10)) - 16?
-80
What is the value of -7247 + 7311 + -65 + -1?
-2
Evaluate 1 + 1 + -4 + 9 - 6 - -39 - 5.
35
-7 + -39 - (9 + (-2 - (5 + 6)))
-42
Calculate 46 - (-13 + -18 + 121).
-44
What is the value of 83 + 1 + 3 - (-28 + 34 - -2)?
79
Evaluate -71 - -1 - (-32 + (18 - (16 + -17))).
-57
Evaluate 1 + -13 + 1475 + -1436.
27
What is (-494 + 486 - (1 + -13)) + (-1 - 71) + -1?
-69
Calculate (94 - 22) + -58 + -89.
-75
What is 265 + -154 + -100 + (2 - 4 - 50)?
-41
What is -13 + 10 - (-18 + -19)?
34
What is the value of 22 - ((-3 - -32) + (47 - 44))?
-10
What is -15 + -32 + -18 - 14 - (-33 + 58)?
-104
What is 3 - 51 - (-18 + 59 - (-3 + 49))?
-43
Evaluate -38 + 0 - (1443 - 1442) - ((-3 - -1) + 12).
-49
(-16 - (44 - 69)) + (15 - -5)
29
Calculate -360 + 423 - (-4 + 6 - -21).
40
What is the value of 10 - (3 - -3 - 4) - (-164 + 207)?
-35
Calculate -2 - (12 + (5 - 7) - (143 - 74)).
57
Evaluate 24 + (-2 - (-1 + 3)) - (-14 - (-31 - -7)).
10
What is the value of -13 + (34 - 22) + -5 + (1 - (5 + 3))?
-13
What is 16 - ((17 - (13 + 8 - 13)) + 14)?
-7
What is the value of 10 - ((8 + 6 + -14 - 26) + 4)?
32
Evaluate -15 + 3 - (-3 + 8 + 9) - -4.
-22
(46 - 64) + 18 - (6 - -15)
-21
Evaluate 8 + -3 - -2 - (-37 + 22 - -26) - -76.
72
What is the value of (-97 - (39 + (43 - 68))) + 2 + 6 + 1?
-102
Calculate (-9 - (62 - 123)) + -116.
-64
Evaluate -4 - (16 - -1 - (62 - 67) - 11).
-15
Calculate 8 - ((22 - 4 - 29) + -3 + 0).
22
Evaluate (-1 - -17) + 71 + (-17 + -35 - -39).
74
Calculate 0 + (-11 + (-11 - -8 - -10) - 5) - 38.
-47
What is -58 + 11 + 12 + -11 + (13 - 11)?
-44
(0 - -37) + (-959 - -875) + 14 + -2
-35
What is the value of -25 - (-15 + (49 - 112))?
53
-6 + (-3 - 6) + -10 + 29 + -7 + 7
4
What is the value of (-16 - 5) + -234 + 287?
32
-34 + (4 + (36 - -78) - 15)
69
Calculate 26 - (52 - 36) - (-1 + 3).
8
Calculate 44 - (-10 + -77 + 70 + -4 + 6).
59
Calculate -197 - (-127 + (-34 - -49)).
-85
Evaluate -1970 - -2015 - (-3 + -18).
66
What is 3 + 83 + 3 + (-14 - -22) + 5 - -10?
112
Calculate -9 + (-1 - (6 - 8)) - (-24 - 20).
36
What is (25 - -14) + -3 - 60?
-24
-49 + 6 + (-5 - (12 - (17 - -3)))
-40
What is 189 + -223 + (4 - -24) - (95 + 3)?
-104
What is 1 - (14 + -1) - (84 + (-26 - (5 - -83)))?
18
Evaluate 87 - (8 + -37 + 3 - -23).
90
What is 14 + ((-7 - 0) + (32 - 30) - (154 - 154))?
9
Evaluate (3 - -5) + (-11 - -5).
2
What is the value of -33 - (54 - 45 - 8)?
-34
What is 8 - (-13 + 7) - (-14 + -7 + 18)?
17
What is the value of -32 - (-13 - (31 - 40))?
-28
-63 - ((-3 - -5) + -12 - -27 - 15)
-65
Calculate -66 + (10 + 33 - 24) + -19.
-66
Evaluate -56 + (3 - 6 - -2 - (3 + -5 - 5)).
-50
What is 158 - (138 + -4) - (43 + 1)?
-20
What is -3 + (-53 - (-22 + -13 - -5))?
-26
Evaluate (-19 - -6 - 4) + 9 + 35 - (12 - -1).
14
Evaluate (9 + -5 - -24) + (-23 - (-5 + -8)).
18
What is -5198 - -5285 - (127 + -2)?
-38
Calculate (21 - 14 - 18) + -8 + 8 + 113.
102
What is 41 + (-2 - 17 - (41 + -39 - (10 - -1)))?
31
What is 1 + 4 + 78 + -79?
4
-21 - (-13 + 30 + -9) - 22
-51
Calculate -51 + 11 + 25 + (-8 + 3 - -66).
46
Evaluate -4 + 21 + (-24 - 4) + 13.
2
Evaluate 25 + -49 + 28 + 6 - (-8 - -18).
0
Calculate -641 - -668 - (-42 + -16).
85
Calculate (-8